s the tens digit of 330438?
3
What is the hundred thousands digit of 728983?
7
What is the units digit of 620985?
5
What is the ten thousands digit of 483399?
8
What is the hundreds digit of 223440?
4
What is the units digit of 205908?
8
What is the ten thousands digit of 259950?
5
What is the tens digit of 159365?
6
What is the units digit of 9141?
1
What is the units digit of 2213984?
4
What is the hundred thousands digit of 2102694?
1
What is the millions digit of 12276368?
2
What is the thousands digit of 273877?
3
What is the hundreds digit of 9566644?
6
What is the hundreds digit of 2812103?
1
What is the thousands digit of 104887?
4
What is the hundred thousands digit of 3271754?
2
What is the units digit of 3986555?
5
What is the units digit of 225999?
9
What is the tens digit of 31738985?
8
What is the thousands digit of 131312?
1
What is the tens digit of 739325?
2
What is the hundred thousands digit of 205868?
2
What is the thousands digit of 1307874?
7
What is the tens digit of 11938724?
2
What is the units digit of 560845?
5
What is the thousands digit of 7356475?
6
What is the tens digit of 4090265?
6
What is the hundred thousands digit of 3048071?
0
What is the tens digit of 614144?
4
What is the ten thousands digit of 18780?
1
What is the thousands digit of 460823?
0
What is the hundreds digit of 33530656?
6
What is the hundred thousands digit of 3092994?
0
What is the tens digit of 299782?
8
What is the ten thousands digit of 194478?
9
What is the hundreds digit of 18159806?
8
What is the units digit of 4178290?
0
What is the hundred thousands digit of 3580541?
5
What is the thousands digit of 826211?
6
What is the tens digit of 6031527?
2
What is the ten thousands digit of 700444?
0
What is the hundred thousands digit of 206972?
2
What is the thousands digit of 4283?
4
What is the hundreds digit of 272122?
1
What is the tens digit of 7231681?
8
What is the hundreds digit of 283641?
6
What is the hundred thousands digit of 193540?
1
What is the units digit of 50377?
7
What is the hundreds digit of 2562623?
6
What is the thousands digit of 15507312?
7
What is the ten thousands digit of 10595518?
9
What is the ten thousands digit of 721491?
2
What is the hundreds digit of 134988?
9
What is the hundreds digit of 21562155?
1
What is the units digit of 2229618?
8
What is the units digit of 530376?
6
What is the thousands digit of 7608968?
8
What is the millions digit of 19697730?
9
What is the units digit of 488881?
1
What is the hundred thousands digit of 145368?
1
What is the hundred thousands digit of 544153?
5
What is the tens digit of 5328411?
1
What is the ten thousands digit of 407345?
0
What is the tens digit of 2781482?
8
What is the ten thousands digit of 1191149?
9
What is the units digit of 2317077?
7
What is the thousands digit of 1450057?
0
What is the millions digit of 7970390?
7
What is the thousands digit of 6829772?
9
What is the hundreds digit of 121698?
6
What is the ten millions digit of 16261209?
1
What is the units digit of 3800463?
3
What is the ten thousands digit of 1364692?
6
What is the thousands digit of 8327791?
7
What is the units digit of 3085865?
5
What is the hundreds digit of 5260099?
0
What is the millions digit of 10603962?
0
What is the tens digit of 86639?
3
What is the hundreds digit of 1834663?
6
What is the thousands digit of 22123957?
3
What is the hundreds digit of 703839?
8
What is the hundred thousands digit of 296940?
2
What is the tens digit of 2945625?
2
What is the tens digit of 11507660?
6
What is the units digit of 181657?
7
What is the ten thousands digit of 5393589?
9
What is the millions digit of 2363884?
2
What is the units digit of 2060157?
7
What is the tens digit of 110603?
0
What is the tens digit of 264651?
5
What is the units digit of 56023?
3
What is the hundreds digit of 111257?
2
What is the ten millions digit of 17993673?
1
What is the ten thousands digit of 2596684?
9
What is the hundred thousands digit of 184860?
1
What is the tens digit of 420076?
7
What is the hundred thousands digit of 155275?
1
What is the ten thousands digit of 474014?
7
What is the hundred thousands digit of 3194769?
1
What is the ten thousands digit of 2086301?
8
What is the millions digit of 2271638?
2
What is the tens digit of 27590281?
8
What is the units digit of 204515?
5
What is the hundred thousands digit of 998586?
9
What is the thousands digit of 10491922?
1
What is the millions digit of 1238424?
1
What is the millions digit of 12209013?
2
What is the ten thousands digit of 59859?
5
What is the tens digit of 775770?
7
What is the tens digit of 216952?
5
What is the tens digit of 2567669?
6
What is the thousands digit of 3026986?
6
What is the tens digit of 4690615?
1
What is the ten thousands digit of 1916914?
1
What is the ten thousands digit of 9465580?
6
What is the units digit of 4296656?
6
What is the units digit of 31159?
9
What is the tens digit of 335600?
0
What is the hundred thousands digit of 4843199?
8
What is the hundreds digit of 198083?
0
What is the thousands digit of 3915169?
5
What is the tens digit of 55002?
0
What is the hundreds digit of 242060?
0
What is the tens digit of 79478?
7
What is the units digit of 3149835?
5
What is the tens digit of 1632339?
3
What is the units digit of 3553220?
0
What is the ten thousands digit of 161914?
6
What is the units digit of 292569?
9
What is the ten thousands digit of 26185?
2
What is the hundred thousands digit of 637970?
6
What is the hundreds digit of 2985767?
7
What is the thousands digit of 16767?
6
What is the ten thousands digit of 1674094?
7
What is the millions digit of 8573121?
8
What is the units digit of 986753?
3
What is the thousands digit of 5448416?
8
What is the tens digit of 221771?
7
What is the tens digit of 433828?
2
What is the units digit of 373?
3
What is the ten millions digit of 18738177?
1
What is the hundreds digit of 474695?
6
What is the units digit of 8975805?
5
What is the hundred thousands digit of 2754933?
7
What is the millions digit of 1118613?
1
What is the ten thousands digit of 32945?
3
What is the hundred thousands digit of 9072344?
0
What is the units digit of 363084?
4
What is the hundreds digit of 6559662?
6
What is the ten thousands digit of 602268?
0
What is the millions digit of 1635100?
1
What is the ten millions digit of 11247285?
1
What is the millions digit of 4487426?
4
What is the hundred thousands digit of 210707?
2
What is the ten thousands digit of 1627939?
2
What is the millions digit of 2138918?
2
What is the ten millions digit of 12259684?
1
What is the tens digit of 1404584?
8
What is the ten thousands digit of 3006009?
0
What is the tens digit of 225246?
4
What is the thousands digit of 1510251?
0
What is the ten thousands digit of 22434251?
3
What is the units digit of 45205?
5
What is the tens digit of 231197?
9
What is the ten thousands digit of 1925369?
2
What is the hundred thousands digit of 17920270?
9
What is the hundred thousands digit of 1459009?
4
What is the thousands digit of 581873?
1
What is the hundreds digit of 22128?
1
What is the thousands digit of 3895432?
5
What is the thousands digit of 32531955?
1
What is the hundreds digit of 12957334?
3
What is the hundred thousands digit of 1536054?
5
What is the thousands digit of 9307597?
7
What is the ten thousands digit of 4220669?
2
What is the units digit of 24258?
8
What is the ten thousands digit of 427363?
2
What is the hundreds digit of 2074591?
5
What is the tens digit of 1684411?
1
What is the tens digit of 318906?
0
What is the units digit of 95409?
9
What is the thousands digit of 228375?
8
What is the hundred thousands digit of 427804?
4
What is the ten thousands digit of 816026?
1
What is the millions digit of 1529620?
1
What is the hundred thousands digit of 140151?
1
What is the thousands digit of 741976?
1
What is the hundreds digit of 698454?
4
What is the ten thousands digit of 14027458?
2
What is the hundred thousands digit of 603271?
6
What is the ten thousands digit of 1514165?
1
What is the hundreds digit of 1155498?
4
What is the thousands digit of 7793097?
3
What is the millions digit of 1227977?
1
What is the ten thousands digit of 538127?
3
What is the thousands digit of 